(19 - (18 - 3)) + -22 + 17?
-1
3 + -5 - (21 + -12) - -5
-6
Calculate 5 - (14 + 1 + 6).
-16
What is -23 - (-41 + 17) - 7?
-6
Calculate 18 + -2 + (-17 + (8 - -1) - -4).
12
463 - 483 - (2 + -37)
15
What is 1 + (-6 - (-30 - -12))?
13
Calculate -1 - ((3 - -3) + (-10 - -4 - -4)).
-5
Calculate (-4 - -6 - -3) + -8 + 0 - -6.
3
3 + 0 + (66 - 68) + 18
19
What is the value of (-56 - -63) + (-12 - -1) + (9 - 2)?
3
What is (-2 - -1) + 3 + -1 + 4 + -4?
1
What is the value of -11 + -2 + 1 - (12 - 12 - 10)?
-2
Evaluate -80 + 84 + (1 + 0 - 2 - 4).
-1
Evaluate -1 - (6 - (6 - (5 + -4))) - 2.
-4
Evaluate 1 + 0 + 5 - -5 - 5.
6
Calculate -9 + 9 + (-3 - 3) + 0 + -6.
-12
What is the value of 26 + 14 - (2 + (-4 - -1)) - 10?
31
-9 - (-17 - -6 - 0) - (-1 - 9)
12
What is -12 - -12 - (19 + -13)?
-6
Calculate -10 + 5 + 8 - (5 - 3 - 8).
9
Evaluate (-8 - (5 - 0)) + 12.
-1
What is 5 - (1 + 0) - (-8 + 6)?
6
What is -13 + 2 - (38 - 0 - 30)?
-19
-3 + (-1 - 7) + 21 - 6
4
What is the value of 16 - (-12 + (-1 + -11 - -9))?
31
Calculate (0 - (2 - (6 + 2 + -2))) + -11.
-7
What is the value of (14 + -26 - -22) + (0 - (20 - -4))?
-14
Calculate 7 + (21 - 4 - 55) + 0 + 10.
-21
0 + (35 - 23) + (4 + -2 - 1)
13
What is the value of 2 - -2 - (-100 - -117)?
-13
What is -5 + 13 + 2 + -17?
-7
Evaluate (-23 - (-70 + -8)) + -35.
20
Evaluate (0 - 1) + 6 + -20 - (-30 + 22).
-7
Evaluate 1 + 2 - -1 - -4.
8
What is the value of -13 - (-1 - 0) - (-42 + 16)?
14
What is (-6 - -13 - -2) + 0?
9
Calculate (2 + -3 - -6) + -1 + 154 + -164.
-6
What is -1 + 12 - 10 - -16?
17
Calculate 1 + -9 + -33 + -52 + 87.
-6
Evaluate -1657 + 1649 - (0 + -42 - -2).
32
What is the value of 2 - (0 - (7 - -1) - -7)?
3
What is 2 - (1 + 8) - ((-1 - 16) + 0)?
10
Calculate -22 - -29 - (-6 - -4).
9
Evaluate 32 + -29 + 24 + -3.
24
Evaluate 0 + -5 + 911 + -928.
-22
What is -7 + (-1 - (17 + 1)) + -93 + 103?
-16
Calculate 11 + -23 + 9 + 7 + 15 + -5.
14
55 + -20 + -7 + -2 - 7
19
What is the value of (-4 - (-7 + (8 - 2) + -6)) + -15?
-12
What is (-19 - (-3 - 0)) + 29?
13
What is 63 - 49 - (8 + -16)?
22
Calculate (-2 - 11 - -5) + (-1 - 1) + 0.
-10
What is 11 - 5 - -7 - 5?
8
What is the value of -6 + 25 - 40 - -40?
19
What is -2 + -14 + (-1 - -5) - (-42 + 33)?
-3
Evaluate 61 - 0 - (638 + -602).
25
What is 65 + -128 + 5 + 29?
-29
58 - (15 + 54) - (0 + -8)
-3
What is the value of -6 + (5 - (0 - -11 - 3)) + 31?
22
Calculate (-16 - 30) + 38 + -16.
-24
What is 31 - (19 + -19 + -7 + 22)?
16
Evaluate -16 - (-4 + -12 - (0 + -29)).
-29
Calculate -9 - -17 - (4 + -1 + 1).
4
Evaluate -6 + 2 + -21 + 19.
-6
Evaluate 1 + -9 + (208 - 198).
2
Calculate 41 - (24 + 16 + -8).
9
What is the value of -32 - -17 - -46 - (0 + 5)?
26
Evaluate (17 - (8 + 31)) + -8.
-30
(-6 - -10) + -23 - -32
13
-14 - (-6 - -8) - -13
-3
Evaluate -279 - -300 - (2 - -27).
-8
(-2 - (1 - (5 + -3))) + -2
-3
Calculate (8 - (-7 - -7)) + -2 + -2 + -5.
-1
28 - (9 + 9 + 3 - 8)
15
Calculate -5 - 10 - (7 + -7 + 2) - 4.
-21
Evaluate -2 - (8 + (-9 - 0 - -7)).
-8
Evaluate 21 + -39 - ((7 - 2) + -7) - 7.
-23
Calculate (-1 + 9 + 17 - -1) + (0 - 2).
24
What is 2 - (-4 + (7 - (-6 - -19)))?
12
What is -18 + 0 - (169 + -179)?
-8
Evaluate -3 - (-2 + (-5 - 1) - -1) - 38.
-34
What is the value of -25 + (11 - -1 - 17) + 16 + -12?
-26
-8 + (4 + 2 - -9)
7
What is 9 + -4 - 8 - (-1 - (-5 - 6))?
-13
What is the value of -13 + (-15 - -13) + 9?
-6
-2 - 19 - (6 - 16)
-11
(15 + -25 - -11) + (2 + 2 - 1)
4
What is the value of 17 + -7 - (-64 - -71)?
3
What is the value of -11 + 4 + -5 - (-7 - 2)?
-3
Calculate -1 - -5 - -5 - 11 - -1.
-1
What is the value of 18 - (-36 - (-30 - 34))?
-10
What is 13 + -18 - -6 - 1?
0
What is the value of (-11 - -25 - 17) + (-1 - 5)?
-9
Evaluate 221 + -240 + -1 + 22.
2
What is the value of -1 - 6 - (-90 - -94) - -1?
-10
What is (14 - 30) + -7 + -1?
-24
What is the value of (-10 - -11) + -10 + -5 + -4 + 8?
-10
Evaluate -3 - (7 + -1 + -1 + -12 + 6).
-2
Calculate -28 + (-2 - ((-11 - -26) + -16 + 4)).
-33
Evaluate 20 + -28 - (0 + -10) - (-1 + -1).
4
Evaluate -22 + (-22 - -56) + -25.
-13
Calculate (-6 - 3) + (-2 - -3) - -1 - -8.
1
What is -1 + (-9 - -13 - 1)?
2
(5 - (0 - -19)) + (5 - -17)
8
-9 + (-23 - (27 - 84))
25
Evaluate 6 - (1 + 0) - (7 + 15) - 2.
-19
Calculate 6 + 2 - (1 + 31 + -15) - -8.
-1
Evaluate 2 + 2 + -7 + 32 + -11 + -13.
5
What is the value of 5 - (0 - (-10 - -9)) - -14?
18
Evaluate 7 - (-5 - -7) - 16 - -6.
-5
Evaluate -2 + 16 + -14 + 5 - -10.
15
Calculate -1 - -8 - (10 + 19 + -2).
-20
What is the value of (-1 - 0) + (-8 - (-6 + (4 - 14)))?
7
Calculate (-9 - 4) + 6 - -7.
0
Evaluate (-13 - -14) + 12 + 1 + -4.
10
What is -9 - (-11 + 36 + 3)?
-37
Evaluate 31 + -33 + -1 + 8 - (4 + 1).
0
Evaluate 1 + 2 - (-2 + 0) - (354 + -337).
-12
-6 - 0 - ((1 - 11 - -4) + -12)
12
Evaluate 25 - 12 - 12 - (7 + 13).
-19
Calculate -1 + (-1 - 2) + 4 - (-94 - -100).
-6
Evaluate 30 + 1 - (1 + 19 - (213 - 199)).
25
Calculate (-7 + 12 - 19) + (5 - -7 - 1).
-3
Calculate (-20 + 25 - 4) + 1 + -10 + 3.
-5
Calculate 15 + -17 + (-2 - 2 - -15 - 5).
4
7 - ((24 - 2) + -11)
-4
-4 + 0 + (-6 + (-9 - -7) - -17)
5
-6 + 13 + (-6 - (9 - 12))
4
6 - (-4 + 1 - -2 - -11) - 9
-13
-14 + 11 + (-9 - -18)
6
42 - -5 - (-10 + 28)
29
(16 - 43) + 12 - (-1 - 5)
-9
What is the value of 9 + (13 - 19) - -2 - (29 + -2)?
-22
What is -16 + (-1 - -33) - 17?
-1
What is 1 + -6 + (23 - (24 - (7 + 7)))?
8
What is -18 + (28 - (-5 - 3))?
18
What is -2 - -15 - (23 + -23 - (-11 - 0))?
2
What is the value of -7 + (0 - 4) - 0?
-11
Calculate -21 + 21 + -3 + (0 - 3).
-6
What is -1 + 1 - (-27 - -25)?
2
5 + -7 + 26 + -9 + 2 + -1
16
Calculate 8 - 3 - ((-94 - -89) + -1 + -4).
15
Calculate (-74 - -48) + 11 + 0.
-15
What is the value of 20 + (-62 - -29 - 2)?
-15
Calculate 4 + -7 + 3 + 11 + -6.
5
Evaluate (17 - (5 + 3 + 1)) + 4.
12
What is the value of 3 + (0 - -1) + (21 - (-33 + 27))?
31
-9 + 14 + 10 + -14 + -7
-6
(-21 - 1) + -726 + 736
-12
What is -2 + 0 + -21 + 21 + -8?
-10
Evaluate -22 + -1 + 13 + -14.
-24
What is -8 - (-71 - -61) - ((-1 - -2) + 2)?
-1
Evaluate (2 + -7 - -3 - 4) + (141 - 144).
-9
What is the value of -20 + (-10 + 5 + -2 - (-35 - -25))?
-17
Calculate 11 - 24 - (-14 - -14).
-13
Evaluate -1 - (-12 + -6 + 13 + 2 + -2).
4
6 - ((-28 - -11) + 23 + 19 + -1)
-18
What is the value of -3 - (-9 + -6 + 17)?
-5
Evaluate 0 + 0 - (36 - (-63 - -79)).
-20
Evaluate (-197 - -212) + -3 + -1.
11
-14 + 3 + 3 + 53 + -51
-6
What is the value of (6 - 2 - 2) + -8 + -4?
-10
-2 + 2 + -12 + 7 - 7
-12
3 - (2 - -8 - 15)
8
Evaluate 22 - ((20 - -7) + -1).
-4
19 + (1 + 8 + -18 + 14 - 7)
17
What is (0 - (7 + -9) - 10) + 22?
14
What is the value of -5 + -14 + 7 + (10 - 5)?
-7
What is -3 + 1 - (-1 + -3 + 1)?
1
Evaluate -7 + (7 - (2 + -5 + -3)).
6
What is the value of (-8 + -7 - -6 - -1) + 11?
3
Evaluate (43 + 1 - 82) + (1 - -8).
-29
Calculate 10 - (-3 + -5 + 6 + (1 - 1)).
12
34 + (15 - 29) - 7
13
-3 - (6 - (9 + -1) - -1)
-2
What is the value of (-3 - -8) + 7 + 0 + -29?
-17
5 - (-1 - (2 + 0 + 5 - 12))
1
What is 3 + (6 - 9 - -1) - 1 - 13?
-13
What is the value of -2 - -50 - 17 - (-1 + 13)?
19
What is 3 - (-8 - 4 - -2) - 8 - -8?
13
What is the value of -19 + (3 - -4) + -5?
-17
What is -19 + (2 + -4 - 2)?
-23
Calculate (5 - 15 - -7 - -7) + -1.
3
What is -5 + (1 - (16 - 17))?
-3
What is -7 - -3 - (8 - (1 - -14))?
3
What is the value of (4 - 7) + -1 - -16 - 9?
3
Calculate 4 + (0 - 0) + (7 - 9).
2
What is the value of -124 + 132 - (0 + 1 - -2)?
5
0 + -7 + 4 + -7 + 15
5
Evaluate (-11 - (-7 - 7)) + 5 - (1 + 6).
1
4 + -11 + (5 - -5) + (-7 - -2)
-2
Evaluate 1 + 1 - (168 + -164) - -7.
5
Calculate (-6 - (20 + -26)) + (8 - 9).
-1
15 + -12 + (0 - -5) + -8
0
2 - 1 - -1 - (-153 - -152)
3
Evaluate -6 + 1 - (1 - (-14 - -14)).
-6
What is -16 + 9 + 7 + 10?
10
What is 3 - (2 + 18 - (-3 + 2 + 4))?
-14
What is -10 - (-7 + (-37 - -45))?
-11
What is the value of -5 + (-5 - ((13 - 2) + -28 + 22))?
-15
Evaluate -7 + 6 + -7 + -9.
-17
What is (-1 - -11) + (165 - 161 - (1 + 8))?
5
Calculate (-15 - (14 - 6)) + -11 + 0.
-34
Calculate 1 + -8 + (9 - -14) - 15.
1
20 - (11 - (1 - -1))
11
What is 5 - (0 - 3) - (-35 + 32)?
11
8 + 0 + 83 + -85
6
Calculate 20 - (29 - 7) - 18.
-20
What is -11 - (1 + -9 + 0)?
-3
What is the value of (20 + 4 - 24) + -15?
-15
-18 + 1 + (26 - (38 + -24))
-5
Evaluate 2 + -17 + 130 + -103.
12